 471 = -3*v. What is the remainder when d is divided by 1*-8*2*-1?
13
Let q(d) = 5*d**2 - 41*d - 26. What is the remainder when q(12) is divided by 98?
6
Let x = 84 - 46. Suppose -4*p = -5*s - 6*p + 73, -5*s + 3*p + 53 = 0. What is the remainder when x is divided by s?
12
Suppose -5*a + 3*g + 46 = 0, -4*a + 7*a = 4*g + 32. Suppose 0 = 4*y + a, -2*u - 5*y + 26 = 2*u. What is the remainder when 40 is divided by u?
4
Let i(d) = -d**2 + d. Let k be i(-1). Let h = k + 16. What is the remainder when 3/(-4) + (-167)/(-4) is divided by h?
13
What is the remainder when 108 is divided by (46 + -42)/(2/14)?
24
Suppose -5*x + 3 = 8, 2*d - 2*x = 112. Suppose 39 = a + 2*a. Suppose 3*c + a = 70. Calculate the remainder when d is divided by c.
17
Calculate the remainder when 5 is divided by (6/(-12))/((-2)/20).
0
Suppose 287 = -3*m + 716. Calculate the remainder when m is divided by 53.
37
Let p = 902 + -895. Suppose -5*v + 27 = -2*v. Calculate the remainder when v is divided by p.
2
Let f = 712 + -681. Suppose 36 = 4*g - 0*g. What is the remainder when f is divided by g?
4
Let i be 11/(33/72) + -4. Let b = i - 1. Let u = 21 - -52. What is the remainder when u is divided by b?
16
What is the remainder when 272 is divided by (-4 - (-1188)/30) + 2/5?
20
Let o be 508/(-14) - 16/(-56). Let t = o + 71. Calculate the remainder when t is divided by 9.
8
Let x(j) = -j**2 - 12*j + 198. Calculate the remainder when 569 is divided by x(-20).
37
Let w(a) = -a**2 + 26*a + 63. What is the remainder when (0 + -1)*(-1 - 12) is divided by w(28)?
6
Let r = 16 - 15. Let f(q) = 24*q - 3. What is the remainder when f(r) is divided by 9?
3
Suppose 248 = 3*j + 170. What is the remainder when 73 is divided by j?
21
Suppose 3*q - 59 = 5*d, 0 = -5*d + 5*q + 10 - 75. Calculate the remainder when d/25 + (-192)/(-5) is divided by 20.
18
Let w(i) = -3*i - 10. What is the remainder when w(-19) is divided by 40?
7
Let v(y) = 2*y + 1. Let z(k) = -k + 14. Let p(j) = -j - 4. Let n be p(-11). What is the remainder when z(n) is divided by v(1)?
1
Suppose -3*y + 38 + 19 = 0. Calculate the remainder when 85 is divided by y.
9
Let m(k) = -3*k + 12. Let x be (-3)/4 - 280/(-32). Suppose x*l + 44 = 12*l. What is the remainder when m(-6) is divided by l?
8
Suppose 2*s - 64 = -2*o, -s + 4*o + 11 = -21. Suppose 13*f - 84 = -s. Let l = 10 - 3. Calculate the remainder when l is divided by f.
3
Let y = -1073 + 1121. Calculate the remainder when y is divided by 13.
9
Let p = 657 + -579. Calculate the remainder when 299 is divided by p.
65
Suppose -j = 4 + 1. Let f(q) = 2*q + 12. Let n be f(j). Suppose 3*g + 46 = n*x, -2*g - 9 - 41 = -2*x. Calculate the remainder when x is divided by 15.
14
Let t(g) = -25*g + 201. Calculate the remainder when t(4) is divided by 5.
1
Suppose 0 = 4*f - 704 - 628. Let l(h) = 225*h - 619. What is the remainder when f is divided by l(3)?
53
Let s = -6 - -13. Let l(v) = -v + 12. Let a be l(10). Suppose -o + 21 = -4*n, -a*o - 3*n + 55 = 2. Calculate the remainder when o is divided by s.
4
Calculate the remainder when 152 is divided by (-24)/(-10)*(-36 - -46).
8
Let c be (-2)/(-4 + (-2 - -5)). Suppose -z = -c*z + 114. What is the remainder when z is divided by 39?
36
Suppose 0 = -10*b + 87 + 103. Calculate the remainder when 557 is divided by b.
6
Suppose -8*j + 6*j = -62. Calculate the remainder when 61 is divided by j.
30
Let h be (-125)/(-45) - 4/(-18). Suppose -5*p + 28 = -h*p. Calculate the remainder when 125 is divided by p.
13
Suppose 5*o = -2*y + 179 - 42, 5*y = -3*o + 86. Let p(m) = -m**3 + 3*m**2 + 2*m + 4. What is the remainder when o is divided by p(3)?
7
Calculate the remainder when (44 - 47)/((-6)/200) is divided by 54.
46
Suppose -4*g + 32 = 5*q - 5*g, -2 = -q - 2*g. What is the remainder when 14 is divided by q?
2
Let q(j) = -5*j - 23. Calculate the remainder when ((-33)/(-22))/(1/38) is divided by q(-7).
9
Let w be 2/(-13) - 45/(-39). Suppose 3 = -3*n + 2*h + w, -5*n - 3*h - 35 = 0. Calculate the remainder when (n + -12)/(1 + -2) is divided by 9.
7
Suppose k + 81 = 4*k. Let p = 29 - k. Suppose -5*l + 3*b = 7*b - 18, 2*b = 5*l - 36. What is the remainder when l is divided by p?
0
Let h(i) = 3*i**3 - 2*i**2 + 4*i - 8. Let b be h(4). Suppose -3*v = -9*a + 4*a + b, 3*a = -4*v + 95. What is the remainder when a is divided by 12?
9
Suppose 4*a - 147 - 25 = -z, -4*a = 0. What is the remainder when z is divided by 16?
12
What is the remainder when (-240 + 6)*(-2)/4 is divided by 6?
3
Let d(x) = 3*x - 21. Let o(r) = -r + 8. Let u be o(4). Suppose -5*m - 5*s = -u*m - 1, -2*s = 3*m - 29. What is the remainder when 35 is divided by d(m)?
11
Let v(l) be the first derivative of -l**4/4 - 5*l**3/3 + 8*l**2 - 17*l + 29. Calculate the remainder when v(-8) is divided by 12.
11
What is the remainder when 124 + (3/(-15))/(1/5) is divided by 36?
15
Let x(a) = 83*a + 1 + 5 - 78*a + 24. What is the remainder when x(5) is divided by 14?
13
Let s(v) = v**3 - 7*v**2 - 7*v - 6. Let q be s(8). Suppose -6*l + 2*l = 12, 57 = -3*y + q*l. Let m = y - -36. What is the remainder when 42 is divided by m?
12
Let h = -10 + 17. What is the remainder when 222/h - (-28)/98 is divided by 11?
10
Suppose -11*h + 71 = -83. Let q(i) = -2*i - 5. Let t be q(-5). Suppose -t*a + 169 = -106. What is the remainder when a is divided by h?
13
Suppose 4*x - 5*m + 117 - 8 = 0, 0 = -m + 1. Let k(w) = w**3 + 26*w**2 - 2*w + 13. What is the remainder when k(x) is divided by 17?
14
Let n(y) = y**2 + 3*y - 8. Let z(k) = 2*k**2 - 2. Let x be z(2). What is the remainder when n(x) is divided by (-12)/8*(-4)/(-1)*-4?
22
Let i = -77 - -129. Let m = -39 + i. Calculate the remainder when 34 is divided by m.
8
Let o be 706/(-10) + 4 - 4/10. Let f = -49 - o. What is the remainder when 53 is divided by f?
17
Let g = -673 - -752. What is the remainder when 311 is divided by g?
74
Suppose 1818*d - 1837*d + 16739 = 0. Calculate the remainder when d is divided by 63.
62
Let g = 39 - 10. Suppose o + 3*q = 98, 5*q - 7*q = -2*o + 236. What is the remainder when o is divided by g?
26
Let f = -1241 - -1265. What is the remainder when 551 is divided by f?
23
Suppose 3*i + 0*i = -18. Let q(a) = a**2 - 7*a - 6. Let f = -35 - -60. What is the remainder when q(i) is divided by f?
22
Let o(c) = 3*c + 0*c - 6 - 4. Let d(n) = -n**2 + 13*n - 6. Calculate the remainder when d(9) is divided by o(7).
8
Let y = 1958 - 1915. Calculate the remainder when 376 is divided by y.
32
Let q = 1181 - 939. Suppose -a - 4*a + 245 = 0. What is the remainder when q is divided by a?
46
Let y = -17 - -19. Suppose -5*s + 3*k + 364 = 0, 5*s + 3*k - y*k - 372 = 0. Calculate the remainder when s is divided by 19.
17
Let s = -1 + 17. Suppose -56 + s = -2*h. Let n = h - 4. What is the remainder when n is divided by 6?
4
Suppose -5*d + 1 + 4 = 0. Let z be d/((6/4)/3). Suppose 3*m = -y - 5, 2*m - 10 = -3*y - z*m. Calculate the remainder when 28 is divided by y.
8
Let q(r) = 8*r - 7. Let z(u) = 9*u - 8. Let j(i) = 7*q(i) - 6*z(i). What is the remainder when 41 is divided by j(6)?
8
What is the remainder when 101 is divided by (-5 + 152/16)*4?
11
What is the remainder when 5 - (-14)/(-2) - 780/(-2) is divided by 49?
45
Suppose 4*v - 8*v - 4202 = -5*n, -4*n + v = -3355. What is the remainder when n is divided by 29?
26
Suppose l - 17 = -b, -2*b + 68 = 4*l - 0*b. Let o(u) = 5*u - 3*u - 1 + 5*u**2 + 0*u. Calculate the remainder when o(3) is divided by l.
16
Let l(v) = -2*v + 37. Let g be l(-12). Suppose -g = -3*r - 22. Calculate the remainder when 44 is divided by r.
5
Let v = 17 + -15. Suppose -253 = -5*t + v*j, -2*j + 58 - 17 = t. What is the remainder when t is divided by 26?
23
Let x = -4735 + 4766. Suppose -43 = -4*l + 29. Calculate the remainder when x is divided by l.
13
Suppose -2*z + 331 = 5*d, -51 - 91 = -2*d - 4*z. Calculate the remainder when d is divided by 25.
15
Let h(m) = 2*m**2 - m - 1. Let t be h(2). Suppose 0*l + 5*l - 615 = t*k, -4*k = -2*l + 256. Calculate the remainder when l is divided by 24.
22
Suppose 2*o + 4*u = 184, 2*u - 640 + 148 = -5*o. What is the remainder when o is divided by 2?
0
Let a = 46 + -33. Let w = -4 + 2. What is the remainder when (6/9)/(w/(-66)) is divided by a?
9
Let t(o) = -o + 22. What is the remainder when 99 is divided by t(2)?
19
L